of a?
2, 13, 23
What are the prime factors of -2 + (2 - 2 - (-19)/((-114)/(-116028)))?
2, 2417
Let n = -71 + 75. Suppose -k + 313 + 206 = -5*g, -n*k - 3*g = -2076. What are the prime factors of k?
3, 173
Let w(t) = t**3 + 37*t**2 - 65*t + 103. Let z be w(-38). Let p = 2844 - z. List the prime factors of p.
5, 7
Let a(l) = 6*l - 4. Let u be a(3). Let v be (-2080)/78*9/(-6). Let i = v + u. What are the prime factors of i?
2, 3
Let c = 7266 - -792. List the prime factors of c.
2, 3, 17, 79
Let u(w) = -6*w**2 - 28*w - 10. Let o be u(-9). Let v = o + 846. List the prime factors of v.
2, 7, 43
Let o be (-6)/15 - 1848/30. Suppose -3*d = 5*f - 8, 5*d - 4*f = -0*f - 36. Let m = d - o. What are the prime factors of m?
2, 29
Let l be ((-72)/(-27) - 6)*9. Let c be (-484)/6 - 2/6. What are the prime factors of -5*(-2)/(l/c)?
3
Let y be (-15)/2*(-10)/15. Suppose 15 + 233 = 4*t + 3*l, -303 = -y*t - 2*l. Let h = 80 - t. List the prime factors of h.
3, 7
Let h = -34 - -40. Suppose 2*i - h = -0*i. Let m(t) = 16*t**2 - 6*t + 4. What are the prime factors of m(i)?
2, 5, 13
Let w(g) = 63*g**3 - 7*g**2 + 52*g - 233. What are the prime factors of w(5)?
7727
Let m(k) = 2*k**3 - 19*k**2 + 7*k - 5. Let v be m(11). Suppose 5*n - v = -0*n. List the prime factors of n.
3, 29
Let i = 397 + 118. Suppose i = 5*b - 1080. What are the prime factors of b?
11, 29
List the prime factors of -1 + 16677 - (-2 + -1*(-11 + 14)).
7, 2383
Let f(v) = -2*v + 28. Let d be f(13). Let i(t) = 2*t + 32 - t**d + 4*t**2 - 24. What are the prime factors of i(4)?
2
Suppose -5*c + 5*i = -3*c - 33, -5*i - 42 = -3*c. Suppose c*x - 24 = 48. Suppose 4*q - 70 = 2*o, -2*q - x*o + 5*o + 47 = 0. List the prime factors of q.
19
Suppose -10*s + 12555 = 5803 - 33268. What are the prime factors of s?
2, 3, 23, 29
Suppose 3*v = -3*p + 189450, 144*p - 189434 = 141*p + v. What are the prime factors of p?
2, 31573
Let n be 3 - (8/(-44) - (-90)/11). Let u(s) = 24*s**2 + 5*s + 31. List the prime factors of u(n).
2, 3, 101
Let r(m) = -5*m + 72. Let y be r(14). Suppose -115 = -k + 3*j + 78, 411 = y*k - j. What are the prime factors of k?
2, 13
List the prime factors of (8 + -4 + -3)*28/(-20)*-835.
7, 167
Let p(f) = 1071*f**2 + 245*f - 1822. List the prime factors of p(8).
2, 3, 11447
Let h = 45517 - 28066. What are the prime factors of h?
3, 7, 277
Let n = 81 - 64. List the prime factors of (n/3)/(-1)*-84.
2, 7, 17
Suppose -785*j - 134177 = -789*j - l, -2*j + 67078 = 2*l. What are the prime factors of j?
2, 3, 5591
Let p = 136 - 118. Suppose 9*d = 4*d + 130. Let o = d + p. What are the prime factors of o?
2, 11
Let t = -130 - -69. Let f = t - -129. Let y = f + -33. List the prime factors of y.
5, 7
List the prime factors of 102470/20 + (-9)/(-2).
2, 641
Suppose -16 + 1 = -5*v, 0 = 2*o + 5*v - 15. Suppose 2*z + 4*h = -o*z + 318, -179 = -z + 2*h. List the prime factors of z.
13
Suppose -225*t = 35*t - 1711580. List the prime factors of t.
29, 227
Let i(g) = g**2 + 4*g - 5. Let o be i(-5). Suppose 0 = 5*y - o*y - 75. Suppose -y*b + 9*b = -942. What are the prime factors of b?
157
Suppose -4*k + 8 = 0, 2*v + 2*v = -2*k + 4. Suppose 3*m = -v*m + 444. Suppose -2*l + 53 = 5*f - m, 2*f = l - 96. What are the prime factors of l?
2, 7
Let n be (3 - 0)/(13 - 10)*36. Let c = 36 + n. Suppose 667 = 7*q + c. List the prime factors of q.
5, 17
Let t be (-34 + 35)*1*5. Suppose -62 = t*r - 387. What are the prime factors of r?
5, 13
Let m(g) = -g**3 + 28*g**2 + 26*g - 26. List the prime factors of m(18).
2, 7, 263
What are the prime factors of 2/(-11) - (-1754662)/286?
3, 5, 409
Suppose -4*k = -y + 5*y - 20, 0 = 3*k + y - 23. Suppose 0 = -k*d + 244 + 107. What are the prime factors of d?
3, 13
Let c(r) be the third derivative of 13*r**4/24 - 49*r**3/6 + 21*r**2. Let d be c(4). What are the prime factors of (-960)/(d - 8) - 3?
3, 7
What are the prime factors of (-1650)/100*(-2596)/6?
11, 59
Suppose 4*u + 0*u = 3*x + 6, -9 = -3*u. Suppose -5*d - 768 = -f, -x*d + f = 44 + 262. List the prime factors of 3 + -1 - d/(1 + 0).
2, 3, 13
Let x(g) = g**3 + 4*g**2 - g - 4. Let r be x(-4). Let z = 1 + 4. Suppose f - 3 = 0, r = -z*c - 2*f - 0*f + 246. What are the prime factors of c?
2, 3
Let k be 2/(-10) - (-153)/(-85). Let q be 33/2*k*-1. Suppose -4*c = -12, -7*c + q = 3*g - 3*c. What are the prime factors of g?
7
Let s(k) = 101*k**2 - 36*k - 319. What are the prime factors of s(-7)?
2, 2441
Suppose -3370 = 7*m + 949. Let p = 1774 + m. What are the prime factors of p?
13, 89
Suppose -318282 - 118 = -7*s - 30112. List the prime factors of s.
2, 3, 11, 13
What are the prime factors of (8822 - 1) + -3*(-2 - -4)/6?
2, 3, 5, 7
Suppose 0*l + 12*l = 84. Suppose -r - 3 = -5*w + l*w, 2*r + 2 = -2*w. What are the prime factors of (r - 205)*(-1)/2?
2, 3, 17
Let j(m) be the first derivative of -m**3/3 + 28*m**2 + 45*m + 165. List the prime factors of j(28).
829
Let g = 1 - -3. Let d(r) = 8*r + 96. Let z be d(-12). Suppose z = -g*a - 130 + 474. What are the prime factors of a?
2, 43
Let f be (-1)/(-20)*5*(24 - 4). Suppose 3*z + f*z = 1496. What are the prime factors of z?
11, 17
Let s(o) = o**3 - 19*o**2 + 35*o + 29. Suppose 8*a - 21 = -5. Suppose -5*u - 2*k + 4*k + 87 = 0, -66 = -4*u - a*k. What are the prime factors of s(u)?
2, 23
Let m(d) = d**3 + 1. Let f be m(0). Let z be 0 - -4 - (f - -1). Suppose z*y = 5*y - 261. What are the prime factors of y?
3, 29
Let f be (-80)/24*(0 + 816/(-5)). Suppose -4*y + 2148 = -5*a, -3*y + 2*a + f + 1074 = 0. List the prime factors of y.
2, 271
Let a(n) = -n**2 + 7*n - 3. Let i be a(5). Let v(b) = 3*b - 34. Let j be v(i). What are the prime factors of (j + 14)*(-21)/(-1)?
3, 7
Let k(p) = -27*p + 14. Let m be k(-6). Let l = m + -86. Let y = 181 - l. List the prime factors of y.
7, 13
Suppose -3*o + 63 = -5*q + 27, 0 = -4*o + q + 48. Suppose 15*b - o*b = 21. Suppose 5*k + 91 - b = p, -5*p = -k - 300. What are the prime factors of p?
59
Let w = 27 - 20. Let a be (6*4)/((-1)/w) + 0. List the prime factors of (a/(-10))/((4/30)/1).
2, 3, 7
Let p be 2/6 - 205/(-15). Suppose -11*n = -p*n - 21. List the prime factors of 1*(n + 4) - (0 + -104).
101
Let y(q) = -9*q - 11*q - 2*q - 1. Let l be 1 - (-96)/(-72)*(-9)/(-6). List the prime factors of y(l).
3, 7
Let z(x) = -x - 34. Let q be z(-7). What are the prime factors of 4/((-36)/q) + 51 + -1?
53
Let i be (-1*1)/(-1)*(-137 - -140). List the prime factors of 761 - i/(-18)*-6.
2, 5, 19
Let o(m) = -m**2 + 860 + m - 839 + 5*m. Let n be o(7). What are the prime factors of 1026/n + -2 + (-32)/112?
71
Let z(p) = p - 8. Let m be z(12). Suppose -m*t = 375 - 1899. What are the prime factors of t?
3, 127
Let c(n) = -n**2 + 5*n + 81. Let q be c(-7). Let z(l) = -12*l**3 - 3*l**2 - 12*l - 15. What are the prime factors of z(q)?
2, 3, 53
Suppose 242411 = 122*i - 942141 - 1394528. What are the prime factors of i?
2, 5, 7, 151
Suppose -433 - 1628 = -3*y. Let c = -407 + y. What are the prime factors of c?
2, 5, 7
Suppose 0 = -3*j - m + 31654, 42187 = 8*j - 4*j + 5*m. What are the prime factors of j?
61, 173
Suppose 79*j - 530540 = -3*j. What are the prime factors of j?
2, 5, 647
Suppose 2*u + 4*s - 3910 - 282 = 0, 0 = -3*u - 2*s + 6296. Suppose 4*o - 4*z = u, -6*z = 3*o - 5*z - 1591. List the prime factors of o.
23
Let q(a) = a**2 + 8*a + 88. Let i be q(-12). List the prime factors of (i/(-10))/(9/(-180)).
2, 17
Let j(z) = 8*z - 144. Let y be j(17). Let h = y + 429. List the prime factors of h.
421
Suppose 4*y - 3*h = 108207, y + 5*h - 23389 - 3634 = 0. List the prime factors of y.
2, 3, 7, 23
Let b(a) = -61*a**2 - a**3 + 185*a**2 + 4*a - 34 - 69*a**2 - 63*a**2. List the prime factors of b(-9).
11
Let d be 1*(-2)/(-6) - (-8)/3. Suppose y + 14 = d*m, 2*m + 4*y = -m - 11. Suppose -3*r = m*g - 633, 2*g - 33 - 389 = -r. What are the prime factors of g?
211
Suppose -68*u + 3004737 = -431645 - 829258. List the prime factors of u.
2, 3, 5, 17, 41
Let z = -50 - -62. Suppose 5*r + s + s = 6, -z = -r + 5*s. Suppose -99 = -r*l - l. What are the prime factors of l?
3, 11
Let b(i) = -4*i**3 - 16*i**2 + 45*i + 181. What are the prime factors of b(-13)?
2, 5, 71
Let w(b) = -4*b**2 + 39*b. Let p(a) = a**3 - 13*a**2 + 7. Let q be p(13). List the prime factors of w(q).
7, 11
Let b(r) = 1 - 2*r + 8*r + 3 - 16. Let u =